hat is o(i)?
7
Let p(c) be the third derivative of -c**5/15 + c**4/24 + c**3/6 - 55*c**2 - 5. Calculate p(1).
-2
Let i(q) = -q - 1. Let y = 31 + -17. Suppose -4*g - y = -3*x, -g + 2 = 3*x - x. Let f be ((-5)/(-15)*6)/(x/(-5)). Determine i(f).
4
Let l(q) = -14 - 40*q + 129*q - 63*q - 51*q - 8. Give l(-1).
3
Suppose -1564 = 123*f + 1069 - 296. Let d(p) = -p**3 - 20*p**2 - 17*p + 18. Calculate d(f).
-20
Let b be (1 + (-7)/10)/(139/1390). Let v(f) = -15*f + 29. Calculate v(b).
-16
Let r(o) = -2*o. Suppose -5*k - 34 = -59. Suppose -5*d + 30 = -2*g, -23 = 4*g - 2*d + k. Let f(z) = -5*z. Let m(x) = g*r(x) + 3*f(x). What is m(3)?
-15
Let z(d) be the first derivative of -d**5/40 + d**4/4 + 62*d**3/3 - 87. Let l(q) be the third derivative of z(q). What is l(2)?
0
Let y(b) = -2*b. Let l(p) = p**2 - 17*p - 18. Let n(u) = -l(u) + 3*y(u). Calculate n(11).
18
Let f(l) = -384*l**3 + 1164*l**3 - 66*l - 389*l**3 - 135 + 37*l**2 - 392*l**3. Calculate f(35).
5
Let d = 8 - -24. Suppose t = -t + 3*f + d, 3*t = 3*f + 42. Let h(w) = -w**3 + 9*w**2 + 8*w + 12. What is h(t)?
-8
Let f(i) = -i**2 - i - 8. Let c(z) = 13*z - 113. Let x be c(9). Suppose -x*u + 16 = 5*m, 12*u = 10*u + 8. Calculate f(m).
-8
Let j(o) = o - 4. Let c(t) = 2*t - 18. Let q(p) = c(p) - 6*j(p). What is q(7)?
-22
Let r = 29364 - 29360. Let w(m) = m**3 - 2*m**2 + 5*m + 4. What is w(r)?
56
Suppose 0*a - c + 84 = -5*a, 0 = 27*c - 108. Let s(r) = -2*r**2 - 36*r - 71. What is s(a)?
-7
Let m(r) = 7*r**2 - r + 18. Let p(u) = -11*u**2 + 4*u - 28. Let s(i) = 8*m(i) + 5*p(i). Give s(-12).
4
Let v(q) = 2*q**2 + 3*q + 12. Suppose 0 = -3*t + 3*r + 21, -t - 28 = 1029*r - 1025*r. Calculate v(t).
12
Suppose 20 = 3*t - b, 0 = b - 2 + 1. Let f(g) = -8*g + 17. Let h be f(-3). Let l(n) = 6*n - 42*n**2 + 1 + 3 - 1 + h*n**2. Give l(t).
-4
Let t(a) be the third derivative of a**4 + 109*a**3/6 + 10854*a**2. Give t(-5).
-11
Let s(q) = -219 + 18*q + 55 - 425*q**2 + 66 + 74 + 431*q**2 - q**3. What is s(8)?
-8
Let k(y) = 2*y + 11. Let l be 56 + (-1 + 0)*1. Let j = 120 - l. Suppose 0 = -4*t + 20, -t = -5*i + 4*t - j. What is k(i)?
-5
Suppose -5*a = -5*q + 20, 5*q - 20 = 2*a - 9. Suppose -16 - 23 = -5*z + 2*f, 4*z - f - 30 = 0. Suppose q = -2*i - z. Let t(h) = h**2 + 4*h + 2. Calculate t(i).
2
Let k(t) = 5*t - 11. Suppose 286 = -14*p + 370. Let d(j) = -2*j + 1. Let l(i) = -1. Let b(n) = d(n) - 4*l(n). Let s(y) = p*k(y) + 13*b(y). Calculate s(-3).
-13
Let c be (-162)/36 + (-5)/2. Let n(w) = w**2 + w - 1. Let u(j) = j**2 - 8*j - 3. Let x(a) = -2*n(a) + u(a). Calculate x(c).
20
Let y(h) = -7*h - 53. Let c = 2605 + -2612. What is y(c)?
-4
Let a(x) be the first derivative of x**6/360 - x**5/60 - x**4/24 - 6*x**3 + 4*x + 104. Let o(r) be the third derivative of a(r). Calculate o(-3).
14
Let d be (28/6)/(30/45). Suppose -3*m = -d*m + 36. Suppose -7 = m*j + 20. Let y(c) = c + 6. What is y(j)?
3
Let i(g) = g**2 + 3*g - 5. Suppose 0 = z - 0 - 3. Let p(m) = m**2 - 2*m + 1. Let w be p(z). Suppose -3 = -s + w*h, 3*h - 1 = 2*s + 3. What is i(s)?
5
Let f(a) be the first derivative of -a**4/4 - 5*a**3/3 + 9*a - 1. Let n be (-5 + (-31)/(-5))*12*90/(-324). Give f(n).
-7
Let m(q) = -8*q**2 - 3*q + 3. Let c(p) be the third derivative of -17*p**5/30 - 7*p**4/12 + 13*p**3/6 - p**2 - 70. Let w(k) = 2*c(k) - 9*m(k). Determine w(-2).
17
Let u(q) = 2*q**2 - 2*q - 15. Let m(j) = 6*j**2 - 130*j - 180. Let f be m(23). Calculate u(f).
9
Suppose -61*d + 56*d + 4 = -1. Let f(m) = 19*m**3 + m**2 - 3*m + 1. Calculate f(d).
18
Let t(g) = -16*g**3 + 35 + 37*g**3 + 4*g**2 - 45 + 10*g - 20*g**3. Give t(-5).
-85
Let u(w) = 19*w + 52. Let l = -6663 - -6659. Give u(l).
-24
Let d(g) = -16*g**2 - 8*g + 7. Suppose 7*i = 6 + 29. Let k(n) = -9*n**2 - 4*n + 4. Let x(f) = i*k(f) - 3*d(f). What is x(-3)?
14
Suppose 0 = 160*z - 165*z. Let i(l) be the third derivative of 1/60*l**5 + 1/8*l**4 + 0*l + 14*l**2 - 5/6*l**3 + z. Determine i(-5).
5
Let h(b) be the second derivative of b**4/4 - b**2 - 4*b. Let v = 1 + 0. Let a = 3 - v. Determine h(a).
10
Let p(r) = -2*r + 6. Suppose -471*l + 475*l = 2408. Let n = l - 595. Give p(n).
-8
Let k(z) = -2*z**3 - 65*z**2 + 57*z - 384. Let w(y) = -y**3 - 32*y**2 + 28*y - 192. Let l(t) = 6*k(t) - 11*w(t). Calculate l(-39).
3
Let l = -37 - -58. Suppose 2*w - 4*w - 5*c = -l, -3*c + 6 = -w. Suppose w*i + 4 + 5 = 0. Let a(t) = t + 3. Give a(i).
0
Let z(j) = 2*j + 13. Let s(o) = -1. Let v(q) = -2*s(q) - z(q). Suppose 10 = -5*h - 3*t, -79*h + 30 = -83*h + 2*t. Calculate v(h).
-1
Let b(w) = -2*w**2 - 137*w - 2232. Let m be b(-27). Let v(z) = -z**2 + 5*z - 12. What is v(m)?
-48
Let a be ((-2)/(-6))/(595/(-120) - -5). Let o(r) = r**2 - 4*r - 23. Give o(a).
9
Let h be (2 + (-48)/4)*(-6 + 4). Suppose -h = 952*f - 956*f. Let i(c) = c + 3. Calculate i(f).
8
Let h(x) = 7*x - 2365*x**3 + 1184*x**3 + 1180*x**3 + 7*x**2 - 1. Give h(8).
-9
Let f(c) be the third derivative of 0*c + 1/6*c**3 - 2*c**2 + 0 - 1/15*c**5 + 1/120*c**6 + 1/6*c**4. Let p = -6021 - -6024. Determine f(p).
4
Let c be 7 - (-2 + 3 + (-4)/4). Let k(i) = i**3 - 6*i**2 - 10*i + 13. Give k(c).
-8
Let y(a) = a**2 + 14*a - 35. Let i be 10*(160/(-25))/4. Let n be y(i). Let u(t) = t**2 + 8*t + 3. What is u(n)?
-12
Let q(b) be the third derivative of b**5/24 + b**4/24 + 287*b**3/6 + 4*b**2 - 65. Let n(w) be the first derivative of q(w). Let d = -1 - 1. Calculate n(d).
-9
Let v(k) be the second derivative of 7/6*k**3 + 1/12*k**4 + 0*k**2 - 1/360*k**6 + 1/120*k**5 - 36*k + 0. Let h(o) be the second derivative of v(o). Give h(2).
0
Let c be 2/4*0*(-4)/36. Let t(p) = -2*p**3 + 2 + c + 2602*p**2 - 2605*p**2. What is t(-2)?
6
Suppose 0 = 12*k - 13*k. Suppose 0 = 7*c - k*c + 14. Let m(f) = f**3 + 2*f**2 + 3*f + 1. Determine m(c).
-5
Let q = -68 - -73. Let n(i) be the first derivative of 2*i**3/3 - 2*i**2 - 11*i - 2373. Calculate n(q).
19
Let r(a) = 10*a**3 - 2*a**2 - 9*a - 7. Let g(i) = i**3 + 55*i**2 + 45*i - 487. Let c be g(-54). What is r(c)?
-10
Let r(v) be the third derivative of -v**4/3 + 40*v**3 + 7*v**2 + 23. Give r(29).
8
Suppose 3*z - 199 = -121. Suppose 5*d - q + 0 = 15, 0 = -3*d + 4*q + z. Let f(j) = j**2 - 2*j + 3. Determine f(d).
3
Let k(z) be the first derivative of z**6/360 - 3*z**5/40 + 5*z**4/12 - 4*z**3/3 + 3*z + 68. Let v(n) be the third derivative of k(n). Calculate v(8).
2
Let g(c) = c - 11. Suppose 0 = -5*n + 79 - 64. Let x be 21 + -16 + 2*n. Determine g(x).
0
Let b be -66 - (-1 + -2 + 5). Let t = b + 71. Suppose 5*p = -z - 21, -t*p + 2*z - 23 = -0*p. Let q(m) = -m**2 - 8*m - 4. What is q(p)?
11
Let t(k) = -21*k - 252. Let h be t(-13). Let l be 1 + (0 - 0) + 7. Suppose 27 = l*w - h. Let p(z) = 2*z - 7. What is p(w)?
5
Let g(c) = 106*c + 2 - 228*c + 115*c + 4. Let k(z) = 5*z - 4. Let j(w) = -3*g(w) - 4*k(w). Give j(-10).
-12
Let v(q) be the second derivative of 2*q**4/3 - 41*q**3/6 + 2*q**2 - 2*q - 335. Determine v(5).
-1
Let v be (-2)/(-4) + (2 - (-4)/8). Let y be (3/v)/(2/(-58)). Let t = -26 - y. Let j(p) = p + 4. What is j(t)?
7
Let h be 12/18*-9 + 4*5. Let x(d) = 14*d - h*d + 8*d - 5*d. What is x(1)?
3
Let q = 152 + -141. Let u(z) = -2 + 36*z**2 - q*z**2 - 13*z**2 + 18 - 13*z**2. Calculate u(0).
16
Let g(d) be the third derivative of d**6/120 + d**5/5 - 7*d**4/12 - 11*d**3/6 + 3*d**2 + 99*d. Suppose -3*m + 3*h - 35 = 7, 44 = -3*m + 5*h. What is g(m)?
2
Let v(y) = y**2 + 16*y + 1. Let f(d) = -3*d + 1. Let r(b) = -4*f(b) - v(b). What is r(-6)?
-17
Let l = -41 - -35. Let s be 15/l*(-2 + 0). Suppose -v - 6 = -s. Let g(q) = -8*q + 1. Determine g(v).
9
Let s be (-2)/7 + (4 + -9)*14/98. Let f(v) = 22*v + 16. Determine f(s).
-6
Let v(l) be the second derivative of -l**6/360 - l**5/60 + 29*l**4/6 + l - 40. Let r(n) be the third derivative of v(n). Calculate r(3).
-8
Let o(p) = 7*p**2 - 11*p + 12. Suppose 1708*m - 5 = 1703*m. Give o(m).
8
Let b(c) = 4 - c + 58*c**2 - 57*c**2 - 13. Let n be (-2)/(21/9 + -3). Suppose -n*d = -3*d + 3*d. Give b(d).
-9
Let q(i) = -i**3 + 33*i**2 - 18*i - 456. Let v be q(32). Let x(o) = -o**2 + 11. Determine x(v).
-53
Let g(l) = -l**3 - 7*l**2 - 8. Let o(k) = 11*k + 4 + 9 - 10. Let u be o(-5). Let y = u + 45. Calculate g(y).
-8
Let v(p) = -p**3 - 6*p**2 - 13*p - 8. Suppose 5*o = -2*f + 17*o + 54, -5*f = -3*o. Calculate v(f).
4
Let b(n) = 4*n**2 - 157*n + 447. Let